{"id":10,"date":"2015-09-18T07:52:57","date_gmt":"2015-09-18T07:52:57","guid":{"rendered":"http:\/\/homeinabowl.de\/?page_id=10"},"modified":"2018-09-02T13:06:39","modified_gmt":"2018-09-02T13:06:39","slug":"impressum","status":"publish","type":"page","link":"http:\/\/homeinabowl.de\/?page_id=10","title":{"rendered":"Impressum"},"content":{"rendered":"<p><strong>Home in a Bowl e.V.<\/strong><\/p>\n<p>Blumenstra\u00dfe 15a<br \/>\n86152 Augsburg<\/p>\n<p><a href=\"mailto:kontakt@homeinabowl.de\">kontakt@homeinabowl.de<\/a><\/p>\n<p><strong>Gemeinschaftlich vertretungsberechtigt:<\/strong><br \/>\n1. Vorsitzende: Karin Wehle<br \/>\n2. Vorsitzende: Julia Kabatas<br \/>\n3. Vorsitzende: Tanja Blum<\/p>\n<p><strong>Registergericht:<\/strong> Amtsgericht Augsburg<br \/>\n<strong>Registernummer:<\/strong> VR 201908<\/p>\n<p><strong>V.i.S.d \u00a7 55 Abs. 2 RStV:<\/strong><br \/>\nKarin Wehle<br \/>\nBlumenstr. 15a<br \/>\n86152 Augsburg<\/p>\n","protected":false},"excerpt":{"rendered":"<p>Home in a Bowl e.V. Blumenstra\u00dfe 15a 86152 Augsburg kontakt@homeinabowl.de Gemeinschaftlich vertretungsberechtigt: 1. Vorsitzende: Karin Wehle 2. Vorsitzende: Julia Kabatas 3. Vorsitzende: Tanja Blum Registergericht: Amtsgericht Augsburg Registernummer: VR 201908 V.i.S.d \u00a7 55 Abs. 2&hellip; <a class=\"excerpt-more-link\" href=\"http:\/\/homeinabowl.de\/?page_id=10\">Read More<\/a><\/p>\n","protected":false},"author":1,"featured_media":0,"parent":0,"menu_order":0,"comment_status":"closed","ping_status":"closed","template":"","meta":{"spay_email":""},"jetpack_sharing_enabled":true,"jetpack_shortlink":"https:\/\/wp.me\/P6KEQx-a","jetpack-related-posts":[{"id":88,"url":"http:\/\/homeinabowl.de\/?page_id=88","url_meta":{"origin":10,"position":0},"title":"Bezugsquellen","date":"Dezember 1, 2015","format":false,"excerpt":"M\u00f6chtest du Band 2 unseres Kochbuchs direkt bei uns bestellen (Band 1 ist leider ausverkauft) ? Schick uns hierf\u00fcr bitte eine Mail an kontakt@homeinabowl.de mit der gew\u00fcnschten Anzahl und eurer Adresse. Du bekommst dann eine Antwort mit unserer Kontoverbindung. Wenn die \u00dcberweisung bei uns eingegangen ist, versenden wir die Bestellung\u2026","rel":"","context":"\u00c4hnlicher Beitrag","img":{"alt_text":"","src":"","width":0,"height":0},"classes":[]},{"id":13,"url":"http:\/\/homeinabowl.de\/?page_id=13","url_meta":{"origin":10,"position":1},"title":"unser Verein","date":"September 18, 2015","format":false,"excerpt":"Im Oktober 2014 machten sich Johanna Wehle, Karin Wehle und Tanja Blum auf die spannende Reise durch die K\u00fcchen von Menschen aus den unterschiedlichsten L\u00e4ndern, die in Augsburg ihre Heimat gefunden haben. Sie wollten deren Lieblingsgerichte und die pers\u00f6nlichen Geschichten rund um die Gerichte kennenlernen, die dann im Herbst 2015\u2026","rel":"","context":"\u00c4hnlicher Beitrag","img":{"alt_text":"","src":"https:\/\/i2.wp.com\/homeinabowl.de\/wp-content\/uploads\/2019\/08\/DSC01307.jpg?resize=350%2C200","width":350,"height":200},"classes":[]},{"id":7,"url":"http:\/\/homeinabowl.de\/?page_id=7","url_meta":{"origin":10,"position":2},"title":"Hey!","date":"September 18, 2015","format":false,"excerpt":"Wir sind Home in a Bowl e. V., ein gemeinn\u00fctziger Verein aus Augsburg. Seit Ende 2014 kochen wir mit unterschiedlichsten Menschen, die in Augsburg ihre Heimat gefunden haben. Wir durften seither viele Lieblingsgerichte, Kochgeschichten und wunderbare Menschen kennenlernen. Unser Ziel ist es, Menschen zu verbinden. Gerade in der heutigen Zeit\u2026","rel":"","context":"\u00c4hnlicher Beitrag","img":{"alt_text":"","src":"https:\/\/i1.wp.com\/homeinabowl.de\/wp-content\/uploads\/2024\/11\/turgay_zocken10.jpg?resize=350%2C200","width":350,"height":200},"classes":[]},{"id":65,"url":"http:\/\/homeinabowl.de\/?page_id=65","url_meta":{"origin":10,"position":3},"title":"interkultureller Einkaufsguide","date":"November 1, 2015","format":false,"excerpt":"Die meisten der Zutaten unserer Rezepte sind im mittelgro\u00dfen Supermarkt um die Ecke zu\u00a0finden. F\u00fcr Produkte wie Okraschoten, Kochbananen oder verschiedene Gew\u00fcrze muss man\u00a0sich aber vielleicht doch auf die spannende Suche nach asiatischen, osteurop\u00e4ischen oder\u00a0arabischen Superm\u00e4rkten begeben. Diese gibt es in kleinere oder gr\u00f6\u00dferer Anzahl in jeder\u00a0Stadt, wir haben hier\u2026","rel":"","context":"\u00c4hnlicher Beitrag","img":{"alt_text":"","src":"","width":0,"height":0},"classes":[]},{"id":198,"url":"http:\/\/homeinabowl.de\/?page_id=198","url_meta":{"origin":10,"position":4},"title":"Datenschutzerkl\u00e4rung","date":"Mai 8, 2016","format":false,"excerpt":"Diese Datenschutzerkl\u00e4rung kl\u00e4rt Sie \u00fcber die Art, den Umfang und Zweck der Verarbeitung von personenbezogenen Daten (nachfolgend kurz \u201eDaten\u201c) innerhalb unseres Onlineangebotes und der mit ihm verbundenen Webseiten, Funktionen und Inhalte sowie externen Onlinepr\u00e4senzen, wie z.B. unser Social Media Profile auf (nachfolgend gemeinsam bezeichnet als \u201eOnlineangebot\u201c). Im Hinblick auf die\u2026","rel":"","context":"\u00c4hnlicher Beitrag","img":{"alt_text":"","src":"","width":0,"height":0},"classes":[]},{"id":319,"url":"http:\/\/homeinabowl.de\/?page_id=319","url_meta":{"origin":10,"position":5},"title":"Pressespiegel","date":"April 21, 2017","format":false,"excerpt":"Das sagt die Presse \u00fcber uns (eine Auswahl): \"Diese Geschichten machen mir noch deutlicher, wie wichtig und unterst\u00fctzenswert so positive, lebensfrohe Projekte wie Home in a Bowl sind. Essen ist Emotion, ist Zuhause und Familie und Rettung, und es macht uns empf\u00e4nglich f\u00fcr neue Erfahrungen, f\u00fcr Erz\u00e4hlungen von anderswo. Nach\u2026","rel":"","context":"\u00c4hnlicher Beitrag","img":{"alt_text":"","src":"","width":0,"height":0},"classes":[]}],"jetpack_likes_enabled":true,"_links":{"self":[{"href":"http:\/\/homeinabowl.de\/index.php?rest_route=\/wp\/v2\/pages\/10"}],"collection":[{"href":"http:\/\/homeinabowl.de\/index.php?rest_route=\/wp\/v2\/pages"}],"about":[{"href":"http:\/\/homeinabowl.de\/index.php?rest_route=\/wp\/v2\/types\/page"}],"author":[{"embeddable":true,"href":"http:\/\/homeinabowl.de\/index.php?rest_route=\/wp\/v2\/users\/1"}],"replies":[{"embeddable":true,"href":"http:\/\/homeinabowl.de\/index.php?rest_route=%2Fwp%2Fv2%2Fcomments&post=10"}],"version-history":[{"count":8,"href":"http:\/\/homeinabowl.de\/index.php?rest_route=\/wp\/v2\/pages\/10\/revisions"}],"predecessor-version":[{"id":364,"href":"http:\/\/homeinabowl.de\/index.php?rest_route=\/wp\/v2\/pages\/10\/revisions\/364"}],"wp:attachment":[{"href":"http:\/\/homeinabowl.de\/index.php?rest_route=%2Fwp%2Fv2%2Fmedia&parent=10"}],"curies":[{"name":"wp","href":"https:\/\/api.w.org\/{rel}","templated":true}]}}